 of 962?
6
What is the hundreds digit of 842?
8
What is the tens digit of 9853?
5
What is the units digit of 13236?
6
What is the ten thousands digit of 34280?
3
What is the tens digit of 14000?
0
What is the tens digit of 29562?
6
What is the units digit of 17668?
8
What is the tens digit of 1529?
2
What is the units digit of 101792?
2
What is the units digit of 2946?
6
What is the thousands digit of 5757?
5
What is the units digit of 2346?
6
What is the ten thousands digit of 29641?
2
What is the hundreds digit of 352?
3
What is the thousands digit of 15851?
5
What is the units digit of 3597?
7
What is the tens digit of 59336?
3
What is the units digit of 31346?
6
What is the ten thousands digit of 10808?
1
What is the tens digit of 90?
9
What is the hundreds digit of 21123?
1
What is the units digit of 15735?
5
What is the units digit of 36144?
4
What is the hundreds digit of 12883?
8
What is the tens digit of 81649?
4
What is the hundreds digit of 3118?
1
What is the units digit of 11965?
5
What is the hundred thousands digit of 109849?
1
What is the tens digit of 2327?
2
What is the thousands digit of 10982?
0
What is the units digit of 8687?
7
What is the tens digit of 14061?
6
What is the thousands digit of 4549?
4
What is the tens digit of 132577?
7
What is the tens digit of 7146?
4
What is the units digit of 29862?
2
What is the hundreds digit of 2675?
6
What is the ten thousands digit of 13140?
1
What is the units digit of 46571?
1
What is the hundreds digit of 3002?
0
What is the hundreds digit of 197119?
1
What is the units digit of 5922?
2
What is the tens digit of 1373?
7
What is the tens digit of 16297?
9
What is the tens digit of 3379?
7
What is the tens digit of 40853?
5
What is the units digit of 94582?
2
What is the units digit of 23823?
3
What is the units digit of 2124?
4
What is the tens digit of 718?
1
What is the units digit of 8361?
1
What is the hundreds digit of 442?
4
What is the units digit of 661?
1
What is the tens digit of 601?
0
What is the units digit of 32372?
2
What is the hundreds digit of 104091?
0
What is the tens digit of 8816?
1
What is the units digit of 57322?
2
What is the tens digit of 25042?
4
What is the hundreds digit of 5640?
6
What is the hundreds digit of 4227?
2
What is the tens digit of 4315?
1
What is the units digit of 10877?
7
What is the tens digit of 8860?
6
What is the tens digit of 1488?
8
What is the ten thousands digit of 102417?
0
What is the hundreds digit of 4389?
3
What is the hundreds digit of 1764?
7
What is the units digit of 2560?
0
What is the hundreds digit of 302?
3
What is the hundreds digit of 889?
8
What is the tens digit of 953?
5
What is the hundreds digit of 50319?
3
What is the units digit of 21346?
6
What is the tens digit of 41521?
2
What is the tens digit of 3021?
2
What is the units digit of 12731?
1
What is the tens digit of 36793?
9
What is the units digit of 13117?
7
What is the units digit of 386?
6
What is the thousands digit of 2130?
2
What is the hundreds digit of 85438?
4
What is the tens digit of 11683?
8
What is the tens digit of 3211?
1
What is the units digit of 743?
3
What is the units digit of 176?
6
What is the ten thousands digit of 102489?
0
What is the units digit of 591?
1
What is the tens digit of 13968?
6
What is the thousands digit of 26219?
6
What is the tens digit of 997?
9
What is the units digit of 29525?
5
What is the tens digit of 9323?
2
What is the thousands digit of 6816?
6
What is the tens digit of 2551?
5
What is the tens digit of 1215?
1
What is the units digit of 1678?
8
What is the units digit of 14581?
1
What is the thousands digit of 2821?
2
What is the ten thousands digit of 26353?
2
What is the tens digit of 2972?
7
What is the tens digit of 97?
9
What is the tens digit of 2010?
1
What is the tens digit of 3094?
9
What is the ten thousands digit of 38892?
3
What is the tens digit of 16816?
1
What is the thousands digit of 78335?
8
What is the thousands digit of 79545?
9
What is the hundreds digit of 29572?
5
What is the units digit of 353?
3
What is the thousands digit of 31401?
1
What is the hundreds digit of 50333?
3
What is the units digit of 6610?
0
What is the tens digit of 1515?
1
What is the units digit of 3166?
6
What is the ten thousands digit of 17296?
1
What is the hundreds digit of 25640?
6
What is the tens digit of 1373?
7
What is the units digit of 5640?
0
What is the thousands digit of 28763?
8
What is the hundreds digit of 3533?
5
What is the hundred thousands digit of 102241?
1
What is the tens digit of 424?
2
What is the tens digit of 526?
2
What is the tens digit of 50262?
6
What is the ten thousands digit of 41889?
4
What is the hundreds digit of 293?
2
What is the tens digit of 10136?
3
What is the hundreds digit of 42004?
0
What is the thousands digit of 3960?
3
What is the thousands digit of 3920?
3
What is the tens digit of 1045?
4
What is the ten thousands digit of 33405?
3
What is the units digit of 17603?
3
What is the units digit of 7539?
9
What is the thousands digit of 6526?
6
What is the thousands digit of 6814?
6
What is the tens digit of 6317?
1
What is the thousands digit of 21347?
1
What is the ten thousands digit of 57086?
5
What is the thousands digit of 2532?
2
What is the tens digit of 1388?
8
What is the units digit of 2002?
2
What is the units digit of 718?
8
What is the hundreds digit of 25624?
6
What is the tens digit of 4019?
1
What is the thousands digit of 45051?
5
What is the thousands digit of 2389?
2
What is the thousands digit of 2691?
2
What is the thousands digit of 13642?
3
What is the tens digit of 11836?
3
What is the thousands digit of 31876?
1
What is the units digit of 7715?
5
What is the units digit of 365?
5
What is the units digit of 2392?
2
What is the thousands digit of 1670?
1
What is the tens digit of 516?
1
What is the tens digit of 780?
8
What is the hundreds digit of 3024?
0
What is the units digit of 3992?
2
What is the thousands digit of 65959?
5
What is the thousands digit of 6227?
6
What is the tens digit of 122775?
7
What is the hundreds digit of 2430?
4
What is the units digit of 2754?
4
What is the hundreds digit of 13221?
2
What is the tens digit of 1186?
8
What is the hundreds digit of 18291?
2
What is the units digit of 294?
4
What is the hundreds digit of 139705?
7
What is the thousands digit of 6468?
6
What is the hundreds digit of 359?
3
What is the hundreds digit of 2755?
7
What is the hundreds digit of 1809?
8
What is the ten thousands digit of 21655?
2
What is the hundreds digit of 810?
8
What is the tens digit of 569?
6
What is the units digit of 38?
8
What is the units digit of 691?
1
What is the thousands digit of 1142?
1
What is the units digit of 1994?
4
What is the units digit of 3535?
5
What is the units digit of 1859?
9
What is the units digit of 5334?
4
What is the units digit of 3380?
0
What is the thousands digit of 5441?
5
What is the ten thousands digit of 31871?
3
What is the thousands digit of 88524?
8
What is the hundred thousands digit of 183462?
1
What is the tens digit of 7959?
5
What is the tens digit of 36027?
2
What is the tens digit of 3667?
6
What is the hundreds digit of 362?
3
What is the hundreds digit of 8157?
1
What is the tens digit of 17912?
1
What is the thousands digit of 8580?
8
What is the tens digit of 1123?
2
What is the thousands digit of 13298?
3
What is the tens digit of 3489?
8
What is the tens digit of 5657?
5
What is the units digit of 338?
8
What is the thousands digit of 1847?
1
What is the units digit of 612?
2
What is the units digit of 1683?
3
What is the units digit of 11069?
9
What is the thousands digit of 3716?
3
What is the thousands digit of 1189?
1
What is the thousands digit of 1800?
1
What is the units digit of 1400?
0
What is the hundreds digit of 685?
6
What is the tens digit of 9007?
0
What is the tens digit of 13835?
3
What is the hundreds digit of 8197?
1
What is the hundreds digit of 4238?
2
What is the hundreds digit of 631?
6
What is the hundreds digit of 134801?
8
What is the units digit of 86656?
6
What is the ten thousands digit of 56591?
5
What is the hundreds digit of 4061?
0
What is the units digit of 6411?
1
What is the units digit of 36943?
3
What is the units di